0).
36
Let y(i) = i**2 - 94*i + 482. Determine y(13).
-571
Let r(d) = 3*d**2 + 1041*d - 4261. What is r(4)?
-49
Let s(c) = 21*c**2 - 2338*c + 9607. Calculate s(107).
-130
Let b(m) = -43*m - 2252. Calculate b(-56).
156
Let j(t) = -4*t**2 - 83*t - 866. What is j(-14)?
-488
Let x(p) = -6422*p + 481610. Give x(75).
-40
Let t(o) = -o**2 - 62*o + 133. Give t(-52).
653
Let f(p) = -2*p**3 + 68*p**2 - 27*p - 4931. Give f(31).
-2
Let g(y) = -285*y + 16654. Determine g(57).
409
Let r(a) = 492877*a + 2464376. Determine r(-5).
-9
Let z(x) = x**3 + 213*x**2 + 670*x + 8396. Give z(-210).
-4
Let i(j) = 251*j + 4771. What is i(-19)?
2
Let y(c) = -4*c**3 + 25*c**2 - 29*c + 56. Give y(9).
-1096
Let q(g) = g**3 - 188*g**2 - 1351*g + 100. Calculate q(-7).
2
Let b(x) = -1747*x - 68093. Give b(-39).
40
Let q(o) = -32*o - 5685. Calculate q(-103).
-2389
Let p(n) = -3*n**2 + 668*n - 4055. What is p(6)?
-155
Let k(y) = -y**2 + 2870*y - 996383. What is k(404)?
-119
Let s(c) = -15307*c - 106917. Calculate s(-7).
232
Let s(y) = 2608902*y + 15653402. Give s(-6).
-10
Let i(l) = -2*l**3 + 739*l**2 + 363*l + 2593. Determine i(370).
3
Let f(m) = 102*m**2 + 34993*m + 2473. What is f(-343)?
72
Let u(k) = 5*k**3 + 80*k**2 - 23480*k + 388. Calculate u(-77).
3
Let a(s) = -31*s**2 + 478*s + 14755. What is a(31)?
-218
Let k(z) = 36*z**3 - 12*z**2 + 14*z + 5. Determine k(3).
911
Let v(m) = -528*m - 9423. Give v(-18).
81
Let j(r) = -2*r**2 + 702*r + 939514. What is j(-532)?
2
Let v(u) = -u**3 - 12*u**2 + 109*u - 20. Give v(-18).
-38
Let w(k) = -288*k - 1409. Determine w(-7).
607
Let w(u) = 8*u**2 - 1888*u + 29720. Give w(17).
-64
Let a(k) = 20*k**2 + 126*k - 136. Give a(5).
994
Let n(z) = -z**2 - 7441*z - 7006489. What is n(-1106)?
21
Let n(l) = -17*l**2 - 15152*l - 49724. Give n(-888).
4
Let k(j) = -194*j**2 + 4139*j + 2. Calculate k(20).
5182
Let u(q) = 3*q**3 - 1180*q**2 + 25897*q + 1107. Determine u(370).
-3
Let t(v) = -v**2 - 43*v + 538. What is t(-53)?
8
Let f(g) = 7016*g - 35. Determine f(0).
-35
Let u(n) = 108045*n - 108042. What is u(1)?
3
Let z(c) = 11*c**3 - 412*c**2 + 92*c + 3432. Calculate z(37).
-9
Let p(f) = 22026*f + 176239. Calculate p(-8).
31
Let c(n) = -10546*n + 854242. Calculate c(81).
16
Let m(p) = 178957*p - 3042264. Determine m(17).
5
Let z(l) = 12829*l - 577279. Determine z(45).
26
Let v(x) = -x**3 + 9*x**2 + 308*x - 1184. What is v(21)?
-8
Let q(h) = -338*h - 6757. Calculate q(-28).
2707
Let r(y) = -1314*y + 54301. Give r(41).
427
Let l(g) = -5785*g**3 - 7*g**2 + 23*g - 14. Give l(1).
-5783
Let d(c) = c**2 - 321*c + 25513. What is d(173)?
-91
Let i(n) = -6*n**2 - 10*n - 169. Determine i(5).
-369
Let y(h) = h**3 - 2*h**2 - 1962*h + 17100. Determine y(9).
9
Let d(g) = -7*g**3 - 235*g**2 + 306*g - 1534. Give d(-35).
6
Let t(o) = o**3 - 5*o**2 + 5090*o - 35596. What is t(7)?
132
Let y(m) = m**2 + 454*m + 51505. Give y(-219).
40
Let o(g) = -461*g + 289. Give o(2).
-633
Let k(g) = -g**3 - 19*g**2 - 59*g + 566. Calculate k(-17).
991
Let u(k) = -3919*k - 18268. Give u(-4).
-2592
Let o(i) = 7*i**2 - 2687*i - 96765. Give o(417).
-21
Let r(n) = n**3 - 8*n**2 - 153*n - 40. What is r(16)?
-440
Let f(p) = -p**2 - 155*p + 48872. Give f(-311).
356
Let z(k) = 7*k**3 + 51*k**2 + 24*k - 191. Calculate z(-6).
-11
Let y(s) = -921*s - 21956. Determine y(-25).
1069
Let o(z) = -802005*z + 801983. Give o(1).
-22
Let y(u) = -23*u**2 - 9009*u + 36072. Determine y(4).
-332
Let y(k) = 15*k**3 - 208*k**2 - 433*k + 622. Calculate y(1).
-4
Let y(c) = -294*c - 86730. Calculate y(-295).
0
Let p(a) = -21*a**2 - 156*a + 971. Calculate p(6).
-721
Let q(u) = u**3 + 4*u**2 - 169*u - 1009. Determine q(-7).
27
Let o(a) = 48*a**2 - 1567*a + 2959. Determine o(2).
17
Let k(a) = 5*a**3 - 54*a**2 - 22*a - 20. What is k(11)?
-141
Let m(c) = -3*c**3 + 75*c**2 + 540*c + 75. Calculate m(31).
-483
Let d(k) = 2*k**3 + 23*k**2 - 123*k + 193. Give d(-14).
935
Let x(d) = -17769*d + 142183. Give x(8).
31
Let j(s) = 515476*s + 19. Determine j(0).
19
Let y(g) = -g**3 + 55*g**2 - 32*g - 267. Determine y(54).
921
Let p(x) = -290*x**2 + 1620*x + 2870. Calculate p(7).
0
Let z(w) = 1606*w - 3944. What is z(-1)?
-5550
Let u(k) = -16*k**2 - 3465*k + 26661. Determine u(-224).
5
Let l(m) = 5264*m + 15667. Give l(-3).
-125
Let r(d) = d**3 + 11*d**2 + 451*d + 386. Give r(0).
386
Let p(y) = 2282*y**2 + 422169*y - 217. Calculate p(-185).
-32
Let w(v) = v**3 + 9*v**2 - 126*v - 972. Give w(-7).
8
Let y(t) = t**3 - 921*t**2 + 76249*t + 15748. What is y(829)?
-3
Let y(t) = t**3 + 35*t**2 + 145*t - 51. What is y(-30)?
99
Let u(z) = -10*z**2 + 5573*z - 12759. Calculate u(555).
6
Let p(k) = -k**2 - 12*k + 12. Determine p(-9).
39
Let c(x) = -x**3 + 309*x**2 - 2051*x + 1391. What is c(6)?
-7
Let g(c) = 13*c**2 + 2641*c - 72. What is g(-203)?
-478
Let s(k) = 37096*k - 111254. Calculate s(3).
34
Let z(s) = 1272560*s - 3817686. What is z(3)?
-6
Let d(n) = -29793*n - 2383444. Give d(-80).
-4
Let w(q) = q**3 - 46*q**2 + 261*q - 6034. Determine w(43).
-358
Let p(s) = 876586*s - 876592. Give p(1).
-6
Let p(s) = 5292*s - 545076. What is p(103)?
0
Let j(o) = -o**2 + 192*o - 8917. Determine j(116).
-101
Let g(y) = -9*y**2 + 67*y - 34. Determine g(8).
-74
Let f(y) = y**3 - 59537*y**2 - 416801*y + 47. What is f(-7)?
-2
Let g(y) = -1383*y - 17514. What is g(-12)?
-918
Let k(t) = 6909*t - 41468. Calculate k(6).
-14
Let n(w) = -2*w**3 - 146*w**2 + 126*w - 1765. What is n(-74)?
-137
Let h(w) = -2*w**2 + 31*w + 87. Calculate h(14).
129
Let c(w) = 193*w + 75456. What is c(-391)?
-7
Let x(a) = -a**3 + 77*a**2 - 14*a + 1613. Calculate x(77).
535
Let s(d) = d**3 - 11*d**2 - 132*d + 68. What is s(18)?
-40
Let v(o) = 211*o + 9423. What is v(-44)?
139
Let o(w) = -23*w**3 + 10*w**2 + 57*w + 54. What is o(-1)?
30
Let v(p) = 151*p**3 + 8*p**2 + 55*p + 47. Calculate v(-1).
-151
Let m(a) = -a**3 + 10*a**2 + 73*a + 8. Calculate m(16).
-360
Let h(i) = -2*i**2 + 375*i + 2873. Determine h(-7).
150
Let i(k) = k**3 + 48*k**2 - 1076*k - 509. Give i(17).
-16
Let m(c) = 1854*c - 10298. Calculate m(6).
826
Let a(h) = -2*h**3 - 61*h**2 - 120*h + 491. Determine a(-28).
-69
Let a(i) = -230*i - 4392. What is a(-19)?
-22
Let f(p) = 259094*p + 5959157. Give f(-23).
-5
Let v(l) = l**2 - 357*l + 24149. Give v(268).
297
Let k(q) = 1077*q + 974. Determine k(-1).
-103
Let p(v) = 42*v**2 + 201*v - 6229. What is p(10)?
-19
Let j(v) = 4*v**3 + 232*v**2 + 847*v - 19. Determine j(-4).
49
Let o(m) = -443*m - 4865. Calculate o(-11).
8
Let u(w) = 6*w**3 - 124*w**2 - 297*w + 2665. Determine u(22).
3
Let b(k) = -605*k + 50077. Determine b(82).
467
Let s(i) = -2734*i - 32906. What is s(-12)?
-98
Let m(k) = 1130*k + 212301. Give m(-188).
-139
Let z(x) = 4*x**3 - 256*x**2 + 725*x + 264. Calculate z(61).
-163
Let h(n) = -4059*n + 612878. What is h(151)?
-31
Let c(z) = -4805*z - 96210. Calculate c(-20).
-110
Let p(o) = 298*o - 9871. What is p(34)?
261
Let r(z) = -391020*z + 4. Determine r(0).
4
Let g(u) = u**3 - 5*u**2 + 1051*u - 8521. Give g(8).
79
Let n(s) = -1196*s**2 + 10813*s - 439. Determine n(9).
2
Let o(v) = -v**3 + 13*v**2 - 9086*v + 118109. Give o(13).
-9
Let o(g) = g**3 - 27*g - 3. Calculate o(-6).
-57
Let d(y) = -2*y**2 + 1267*y - 179157. Calculate d(213).
-24
Let c(i) = 2*i**3 + 46*i**2 - 86*i - 3437. What is c(-21)?
133
Let d(y) = y**2 + 331*y - 2396. Give d(7).
-30
Let w(f) = -3973*f**2 + 135078*f + 157. What is w(34)?
21
Let d(s) = s**2 - 2882*s - 37636. Calculate d(-13).
-1
Let o(i) = i**3 + 37*i**2 + 120*i + 4977. Determine o(-37).
537
Let c(f) = -115*f**3 + 205994*f**2 - 51939*f + 8. Calculate c(1791).
8
Let n(o) = 2*o**3 - 98*o**2 - 56*o + 423. Calculate n(49).
-2321
Let p(v) = -3*v**2 + 47*v + 195. What is p(9)?
375
Let m(s) = s**3 + 95*s**2 + 2241*s - 204. Determine m(-36).
-4416
Let k(y) = -2*y**2 + 778*y - 46872. Give k(75).
228
Let w(c) = c**2 - 206*c + 5529. What is w(174)?
-39
Let x(g) = -4501*g - 369091. What is x(-82)?
-9
Let x(w) = -409*w - 11771. Determine x(-28).
-319
Let j(r) = -r**3 + 28*r**2 - 4035*r + 112827. Give j(28).
-153
Let i(c) = -359*c + 84826. What is i(236)?
102
Let q(k) = 10113*k - 900149. Calculate q(89).
-92
Let m(o) = -3*o**3 - 50*o**2 - 22*o + 262. Give m(-16).
102
Let h(t) = -5*t**2 + 29*t + 197. What is h(10)?
-13
Let j(o) = -o**3 + 15*o**2 - 299